{"id":276,"date":"2019-06-12T20:08:31","date_gmt":"2019-06-12T20:08:31","guid":{"rendered":"http:\/\/dcsh.xoc.uam.mx\/prodecon\/?page_id=276"},"modified":"2025-10-03T17:55:25","modified_gmt":"2025-10-03T17:55:25","slug":"investigacion","status":"publish","type":"page","link":"https:\/\/dcsh.xoc.uam.mx\/prodecon\/index.php\/investigacion\/","title":{"rendered":"\u00c1reas Acad\u00e9micas"},"content":{"rendered":"[vc_row css=&#8221;.vc_custom_1456355415446{margin-bottom: 60px !important;}&#8221;][vc_column width=&#8221;1\/3&#8243;][vc_single_image image=&#8221;5658&#8243;][\/vc_column][vc_column width=&#8221;2\/3&#8243;]<div class=\"vcex-spacing\" style=\"height:10px\"><\/div><div class=\"vcex-spacing\" style=\"height:10px\"><\/div>[vc_column_text]<strong><span style=\"font-size: 21px;\">El programa de investigaci\u00f3n en el DPE se organiza en nueve \u00e1reas acad\u00e9micas:<\/span><\/strong><\/p>\n<ul class=\"Estilo59\">\n<li class=\"EstiloCuerpoTexto\"><a href=\"http:\/\/dcsh.xoc.uam.mx\/prodecon\/index.php\/area-de-agseo\/\">An\u00e1lisis y Gesti\u00f3n Socio-Econ\u00f3mica de las Organizaciones<\/a><\/li>\n<li><a href=\"http:\/\/dcsh.xoc.uam.mx\/prodecon\/index.php\/area-de-desigualdad-y-transformacion-social\/\">Desigualdad y Transformaci\u00f3n Social<\/a><\/li>\n<li class=\"EstiloCuerpoTexto\"><a href=\"http:\/\/dcsh.xoc.uam.mx\/prodecon\/index.php\/area-de-eadrc\/\">Econom\u00eda Agraria, Desarrollo Rural y Campesinado<\/a><\/li>\n<li class=\"EstiloCuerpoTexto\"><a href=\"http:\/\/dcsh.xoc.uam.mx\/prodecon\/index.php\/area-de-ego\/\">Estrategia y Gesti\u00f3n de las Organizaciones<\/a><\/li>\n<li class=\"EstiloCuerpoTexto\"><a href=\"http:\/\/dcsh.xoc.uam.mx\/prodecon\/index.php\/area-de-eii\/\">Econom\u00eda Industrial e Innovaci\u00f3n<\/a><\/li>\n<li class=\"EstiloCuerpoTexto\"><a href=\"http:\/\/dcsh.xoc.uam.mx\/prodecon\/index.php\/area-de-mdce\/\">Macroeconom\u00eda Din\u00e1mica y Cambio Estructural<\/a><\/li>\n<li><a href=\"http:\/\/dcsh.xoc.uam.mx\/prodecon\/index.php\/area-de-memcs\/\">Modelaci\u00f3n y educaci\u00f3n matem\u00e1tica en las ciencias sociales<\/a><\/li>\n<li class=\"EstiloCuerpoTexto\"><a href=\"http:\/\/dcsh.xoc.uam.mx\/prodecon\/index.php\/area-de-ped\/\">Pol\u00edtica Econ\u00f3mica y Desarrollo<\/a><\/li>\n<li class=\"EstiloCuerpoTexto\"><a href=\"http:\/\/dcsh.xoc.uam.mx\/prodecon\/index.php\/area-de-sem\/\">Sistema Econ\u00f3mico Mundial<\/a><\/li>\n<\/ul>\n<p>En cada una de las nueve \u00e1reas acad\u00e9micas se desarrolla de manera permanente actividades acad\u00e9micas orientadas a la discusi\u00f3n y fortalecimiento de la investigaci\u00f3n b\u00e1sica y\/o aplicada que desarrollan cada uno de los integrantes del \u00e1rea.[\/vc_column_text][\/vc_column][\/vc_row]\n","protected":false},"excerpt":{"rendered":"<p>[vc_row css=&#8221;.vc_custom_1456355415446{margin-bottom: 60px !important;}&#8221;][vc_column width=&#8221;1\/3&#8243;][vc_single_image image=&#8221;5658&#8243;][\/vc_column][vc_column width=&#8221;2\/3&#8243;][vc_column_text]El programa de investigaci\u00f3n en el DPE se organiza en nueve \u00e1reas acad\u00e9micas: An\u00e1lisis y Gesti\u00f3n Socio-Econ\u00f3mica de las Organizaciones Desigualdad y Transformaci\u00f3n Social Econom\u00eda Agraria, Desarrollo Rural y Campesinado Estrategia y Gesti\u00f3n de&hellip;<\/p>\n","protected":false},"author":1,"featured_media":0,"parent":0,"menu_order":0,"comment_status":"closed","ping_status":"closed","template":"templates\/right-sidebar.php","meta":{"footnotes":""},"class_list":["post-276","page","type-page","status-publish","hentry","entry","no-media"],"_links":{"self":[{"href":"https:\/\/dcsh.xoc.uam.mx\/prodecon\/index.php\/wp-json\/wp\/v2\/pages\/276","targetHints":{"allow":["GET"]}}],"collection":[{"href":"https:\/\/dcsh.xoc.uam.mx\/prodecon\/index.php\/wp-json\/wp\/v2\/pages"}],"about":[{"href":"https:\/\/dcsh.xoc.uam.mx\/prodecon\/index.php\/wp-json\/wp\/v2\/types\/page"}],"author":[{"embeddable":true,"href":"https:\/\/dcsh.xoc.uam.mx\/prodecon\/index.php\/wp-json\/wp\/v2\/users\/1"}],"replies":[{"embeddable":true,"href":"https:\/\/dcsh.xoc.uam.mx\/prodecon\/index.php\/wp-json\/wp\/v2\/comments?post=276"}],"version-history":[{"count":31,"href":"https:\/\/dcsh.xoc.uam.mx\/prodecon\/index.php\/wp-json\/wp\/v2\/pages\/276\/revisions"}],"predecessor-version":[{"id":13331,"href":"https:\/\/dcsh.xoc.uam.mx\/prodecon\/index.php\/wp-json\/wp\/v2\/pages\/276\/revisions\/13331"}],"wp:attachment":[{"href":"https:\/\/dcsh.xoc.uam.mx\/prodecon\/index.php\/wp-json\/wp\/v2\/media?parent=276"}],"curies":[{"name":"wp","href":"https:\/\/api.w.org\/{rel}","templated":true}]}}